{"id":209,"date":"2026-03-05T09:53:19","date_gmt":"2026-03-05T09:53:19","guid":{"rendered":"https:\/\/sgcomunidadesvitoria.com\/?page_id=209"},"modified":"2026-03-26T20:49:41","modified_gmt":"2026-03-26T20:49:41","slug":"quienes-somos","status":"publish","type":"page","link":"https:\/\/sgcomunidadesvitoria.com\/?page_id=209","title":{"rendered":"Qui\u00e9nes Somos"},"content":{"rendered":"\t\t<div data-elementor-type=\"wp-page\" data-elementor-id=\"209\" class=\"elementor elementor-209\">\n\t\t\t\t<div class=\"elementor-element elementor-element-3a783b9 e-flex e-con-boxed e-con e-parent\" data-id=\"3a783b9\" data-element_type=\"container\" data-e-type=\"container\" data-settings=\"{&quot;background_background&quot;:&quot;classic&quot;}\">\n\t\t\t\t\t<div class=\"e-con-inner\">\n\t\t<div class=\"elementor-element elementor-element-2aa1dc65 e-flex e-con-boxed e-con e-child\" data-id=\"2aa1dc65\" data-element_type=\"container\" data-e-type=\"container\">\n\t\t\t\t\t<div class=\"e-con-inner\">\n\t\t\t\t<div class=\"elementor-element elementor-element-5a6609d3 elementor-widget-mobile__width-inherit elementor-widget elementor-widget-heading\" data-id=\"5a6609d3\" data-element_type=\"widget\" data-e-type=\"widget\" data-widget_type=\"heading.default\">\n\t\t\t\t\t<h1 class=\"elementor-heading-title elementor-size-default\">Sobre Nosotros<\/h1>\t\t\t\t<\/div>\n\t\t\t\t\t<\/div>\n\t\t\t\t<\/div>\n\t\t\t\t\t<\/div>\n\t\t\t\t<\/div>\n\t\t<div class=\"elementor-element elementor-element-5f4a2752 e-flex e-con-boxed e-con e-parent\" data-id=\"5f4a2752\" data-element_type=\"container\" data-e-type=\"container\" data-settings=\"{&quot;background_background&quot;:&quot;classic&quot;}\">\n\t\t\t\t\t<div class=\"e-con-inner\">\n\t\t<div class=\"elementor-element elementor-element-597004dd e-con-full e-flex e-con e-child\" data-id=\"597004dd\" data-element_type=\"container\" data-e-type=\"container\">\n\t\t\t\t<div class=\"elementor-element elementor-element-79699dda elementor-widget elementor-widget-rkit_advanced_heading\" data-id=\"79699dda\" data-element_type=\"widget\" data-e-type=\"widget\" data-widget_type=\"rkit_advanced_heading.default\">\n\t\t\t\t<div class=\"elementor-widget-container\">\n\t\t\t\t\t<div class=\"rkit-advanced-heading-wrapper\" ><h2 class=\"rkit-advanced-heading\"><span class=\"text-container\"><span class=\"text\">SG Comunidades Vitoria<\/span><\/span><\/h2><\/div>\t\t\t\t<\/div>\n\t\t\t\t<\/div>\n\t\t\t\t<div class=\"elementor-element elementor-element-68f4d52f elementor-widget elementor-widget-text-editor\" data-id=\"68f4d52f\" data-element_type=\"widget\" data-e-type=\"widget\" data-widget_type=\"text-editor.default\">\n\t\t\t\t\t\t\t\t\t<p>Somos un <strong>equipo de profesionales en Vitoria-Gasteiz<\/strong> especializado en la <strong>administraci\u00f3n de fincas<\/strong>, comprometido con ofrecer un servicio cercano, eficaz y transparente. Contamos con una amplia experiencia en la <strong>gesti\u00f3n de comunidades<\/strong> y un s\u00f3lido recorrido respaldado por un gran n\u00famero de clientes satisfechos que conf\u00edan en nuestro trabajo d\u00eda a d\u00eda. Nuestra prioridad es garantizar el buen funcionamiento de cada comunidad, aportando soluciones \u00e1giles y adaptadas a las necesidades de cada cliente.<\/p>\t\t\t\t\t\t\t\t<\/div>\n\t\t\t\t<\/div>\n\t\t<div class=\"elementor-element elementor-element-d5536ff e-flex e-con-boxed e-con e-child\" data-id=\"d5536ff\" data-element_type=\"container\" data-e-type=\"container\">\n\t\t\t\t\t<div class=\"e-con-inner\">\n\t\t\t\t<div class=\"elementor-element elementor-element-60a1098c elementor-widget elementor-widget-image\" data-id=\"60a1098c\" data-element_type=\"widget\" data-e-type=\"widget\" data-widget_type=\"image.default\">\n\t\t\t\t\t\t\t\t\t\t\t\t\t\t\t<img fetchpriority=\"high\" decoding=\"async\" width=\"1920\" height=\"1280\" src=\"https:\/\/sgcomunidadesvitoria.com\/wp-content\/uploads\/2026\/03\/the-picturesque-landscapes-of-forests-and-mountain1.jpg\" class=\"attachment-full size-full wp-image-66\" alt=\"\" srcset=\"https:\/\/sgcomunidadesvitoria.com\/wp-content\/uploads\/2026\/03\/the-picturesque-landscapes-of-forests-and-mountain1.jpg 1920w, https:\/\/sgcomunidadesvitoria.com\/wp-content\/uploads\/2026\/03\/the-picturesque-landscapes-of-forests-and-mountain1-300x200.jpg 300w, https:\/\/sgcomunidadesvitoria.com\/wp-content\/uploads\/2026\/03\/the-picturesque-landscapes-of-forests-and-mountain1-1024x683.jpg 1024w, https:\/\/sgcomunidadesvitoria.com\/wp-content\/uploads\/2026\/03\/the-picturesque-landscapes-of-forests-and-mountain1-768x512.jpg 768w, https:\/\/sgcomunidadesvitoria.com\/wp-content\/uploads\/2026\/03\/the-picturesque-landscapes-of-forests-and-mountain1-1536x1024.jpg 1536w\" sizes=\"(max-width: 1920px) 100vw, 1920px\" \/>\t\t\t\t\t\t\t\t\t\t\t\t\t\t\t<\/div>\n\t\t\t\t\t<\/div>\n\t\t\t\t<\/div>\n\t\t\t\t\t<\/div>\n\t\t\t\t<\/div>\n\t\t<div class=\"elementor-element elementor-element-2b505861 e-flex e-con-boxed e-con e-parent\" data-id=\"2b505861\" data-element_type=\"container\" data-e-type=\"container\" data-settings=\"{&quot;background_background&quot;:&quot;classic&quot;}\">\n\t\t\t\t\t<div class=\"e-con-inner\">\n\t\t<div class=\"elementor-element elementor-element-5b712473 e-flex e-con-boxed e-con e-child\" data-id=\"5b712473\" data-element_type=\"container\" data-e-type=\"container\">\n\t\t\t\t\t<div class=\"e-con-inner\">\n\t\t\t\t<div class=\"elementor-element elementor-element-7e87dbe1 elementor-widget elementor-widget-image\" data-id=\"7e87dbe1\" data-element_type=\"widget\" data-e-type=\"widget\" data-widget_type=\"image.default\">\n\t\t\t\t\t\t\t\t\t\t\t\t\t\t\t<img decoding=\"async\" width=\"1632\" height=\"1088\" src=\"https:\/\/sgcomunidadesvitoria.com\/wp-content\/uploads\/2026\/03\/amazing-mountains-in-the-morning-sunlight-small-c-2021-08-29-14-44-42-utc.jpg\" class=\"attachment-full size-full wp-image-75\" alt=\"\" srcset=\"https:\/\/sgcomunidadesvitoria.com\/wp-content\/uploads\/2026\/03\/amazing-mountains-in-the-morning-sunlight-small-c-2021-08-29-14-44-42-utc.jpg 1632w, https:\/\/sgcomunidadesvitoria.com\/wp-content\/uploads\/2026\/03\/amazing-mountains-in-the-morning-sunlight-small-c-2021-08-29-14-44-42-utc-300x200.jpg 300w, https:\/\/sgcomunidadesvitoria.com\/wp-content\/uploads\/2026\/03\/amazing-mountains-in-the-morning-sunlight-small-c-2021-08-29-14-44-42-utc-1024x683.jpg 1024w, https:\/\/sgcomunidadesvitoria.com\/wp-content\/uploads\/2026\/03\/amazing-mountains-in-the-morning-sunlight-small-c-2021-08-29-14-44-42-utc-768x512.jpg 768w, https:\/\/sgcomunidadesvitoria.com\/wp-content\/uploads\/2026\/03\/amazing-mountains-in-the-morning-sunlight-small-c-2021-08-29-14-44-42-utc-1536x1024.jpg 1536w\" sizes=\"(max-width: 1632px) 100vw, 1632px\" \/>\t\t\t\t\t\t\t\t\t\t\t\t\t\t\t<\/div>\n\t\t\t\t\t<\/div>\n\t\t\t\t<\/div>\n\t\t<div class=\"elementor-element elementor-element-55feb5fc e-flex e-con-boxed e-con e-child\" data-id=\"55feb5fc\" data-element_type=\"container\" data-e-type=\"container\">\n\t\t\t\t\t<div class=\"e-con-inner\">\n\t\t\t\t<div class=\"elementor-element elementor-element-37aaad9e elementor-widget elementor-widget-rkit_advanced_heading\" data-id=\"37aaad9e\" data-element_type=\"widget\" data-e-type=\"widget\" data-widget_type=\"rkit_advanced_heading.default\">\n\t\t\t\t<div class=\"elementor-widget-container\">\n\t\t\t\t\t<div class=\"rkit-advanced-heading-wrapper\" ><h2 class=\"rkit-advanced-heading\"><span class=\"text-container\"><span class=\"text\">Grisell <\/span><\/span><\/h2><\/div>\t\t\t\t<\/div>\n\t\t\t\t<\/div>\n\t\t\t\t<div class=\"elementor-element elementor-element-3d6de60b elementor-widget elementor-widget-text-editor\" data-id=\"3d6de60b\" data-element_type=\"widget\" data-e-type=\"widget\" data-widget_type=\"text-editor.default\">\n\t\t\t\t\t\t\t\t\t<p>Soy Grisell, CEO de <strong>SG Comunidades Vitoria<\/strong> y la persona detr\u00e1s de este proyecto. Cuento con una s\u00f3lida trayectoria en la <strong>administraci\u00f3n de fincas<\/strong> y una clara vocaci\u00f3n de servicio, lo que me ha llevado a desarrollar un modelo de gesti\u00f3n basado en la cercan\u00eda, la transparencia y la eficiencia. Mi objetivo siempre ha sido ofrecer a cada comunidad un trato profesional, pero tambi\u00e9n cercano y accesible.<\/p><p>Me implico directamente en cada proyecto, entendiendo las necesidades espec\u00edficas de cada comunidad y buscando soluciones pr\u00e1cticas y efectivas. Creo firmemente en la importancia de generar confianza y tranquilidad en los clientes, trabajando cada d\u00eda para que sientan que su <strong>comunidad<\/strong> est\u00e1 en buenas manos.<\/p>\t\t\t\t\t\t\t\t<\/div>\n\t\t\t\t\t<\/div>\n\t\t\t\t<\/div>\n\t\t\t\t\t<\/div>\n\t\t\t\t<\/div>\n\t\t\t\t<section class=\"elementor-section elementor-top-section elementor-element elementor-element-6c75382 elementor-section-boxed elementor-section-height-default elementor-section-height-default\" data-id=\"6c75382\" data-element_type=\"section\" data-e-type=\"section\" data-settings=\"{&quot;background_background&quot;:&quot;classic&quot;}\">\n\t\t\t\t\t\t\t<div class=\"elementor-background-overlay\"><\/div>\n\t\t\t\t\t\t\t<div class=\"elementor-container elementor-column-gap-default\">\n\t\t\t\t\t<div class=\"elementor-column elementor-col-100 elementor-top-column elementor-element elementor-element-2b93aae\" data-id=\"2b93aae\" data-element_type=\"column\" data-e-type=\"column\">\n\t\t\t<div class=\"elementor-widget-wrap elementor-element-populated\">\n\t\t\t\t\t<div class=\"elementor-background-overlay\"><\/div>\n\t\t\t\t\t\t<section class=\"elementor-section elementor-inner-section elementor-element elementor-element-dc76683 elementor-section-boxed elementor-section-height-default elementor-section-height-default\" data-id=\"dc76683\" data-element_type=\"section\" data-e-type=\"section\">\n\t\t\t\t\t\t<div class=\"elementor-container elementor-column-gap-default\">\n\t\t\t\t\t<div class=\"elementor-column elementor-col-100 elementor-inner-column elementor-element elementor-element-6221f61\" data-id=\"6221f61\" data-element_type=\"column\" data-e-type=\"column\">\n\t\t\t<div class=\"elementor-widget-wrap elementor-element-populated\">\n\t\t\t\t\t\t<div class=\"elementor-element elementor-element-c385498 elementor-widget elementor-widget-heading\" data-id=\"c385498\" data-element_type=\"widget\" data-e-type=\"widget\" data-widget_type=\"heading.default\">\n\t\t\t\t\t<h2 class=\"elementor-heading-title elementor-size-default\">Contacto<\/h2>\t\t\t\t<\/div>\n\t\t\t\t<div class=\"elementor-element elementor-element-17bdd99 elementor-widget elementor-widget-text-editor\" data-id=\"17bdd99\" data-element_type=\"widget\" data-e-type=\"widget\" data-widget_type=\"text-editor.default\">\n\t\t\t\t\t\t\t\t\t<p>Si buscas una administraci\u00f3n de fincas en Vitoria-Gasteiz profesional, cercana y eficaz, estamos aqu\u00ed para ayudarte. Contacta con nosotros sin compromiso y descubre c\u00f3mo podemos mejorar la gesti\u00f3n de tu comunidad.<\/p>\t\t\t\t\t\t\t\t<\/div>\n\t\t\t\t<div class=\"elementor-element elementor-element-20371a9 elementor-widget-divider--view-line elementor-widget elementor-widget-divider\" data-id=\"20371a9\" data-element_type=\"widget\" data-e-type=\"widget\" data-widget_type=\"divider.default\">\n\t\t\t\t\t\t\t<div class=\"elementor-divider\">\n\t\t\t<span class=\"elementor-divider-separator\">\n\t\t\t\t\t\t<\/span>\n\t\t<\/div>\n\t\t\t\t\t\t<\/div>\n\t\t\t\t<div class=\"elementor-element elementor-element-f979701 elementor-shape-rounded elementor-grid-0 e-grid-align-center elementor-widget elementor-widget-social-icons\" data-id=\"f979701\" data-element_type=\"widget\" data-e-type=\"widget\" data-widget_type=\"social-icons.default\">\n\t\t\t\t\t\t\t<div class=\"elementor-social-icons-wrapper elementor-grid\" role=\"list\">\n\t\t\t\t\t\t\t<span class=\"elementor-grid-item\" role=\"listitem\">\n\t\t\t\t\t<a class=\"elementor-icon elementor-social-icon elementor-social-icon-instagram elementor-animation-float elementor-repeater-item-03e8f0c\" target=\"_blank\">\n\t\t\t\t\t\t<span class=\"elementor-screen-only\">Instagram<\/span>\n\t\t\t\t\t\t<svg aria-hidden=\"true\" class=\"e-font-icon-svg e-fab-instagram\" viewBox=\"0 0 448 512\" xmlns=\"http:\/\/www.w3.org\/2000\/svg\"><path d=\"M224.1 141c-63.6 0-114.9 51.3-114.9 114.9s51.3 114.9 114.9 114.9S339 319.5 339 255.9 287.7 141 224.1 141zm0 189.6c-41.1 0-74.7-33.5-74.7-74.7s33.5-74.7 74.7-74.7 74.7 33.5 74.7 74.7-33.6 74.7-74.7 74.7zm146.4-194.3c0 14.9-12 26.8-26.8 26.8-14.9 0-26.8-12-26.8-26.8s12-26.8 26.8-26.8 26.8 12 26.8 26.8zm76.1 27.2c-1.7-35.9-9.9-67.7-36.2-93.9-26.2-26.2-58-34.4-93.9-36.2-37-2.1-147.9-2.1-184.9 0-35.8 1.7-67.6 9.9-93.9 36.1s-34.4 58-36.2 93.9c-2.1 37-2.1 147.9 0 184.9 1.7 35.9 9.9 67.7 36.2 93.9s58 34.4 93.9 36.2c37 2.1 147.9 2.1 184.9 0 35.9-1.7 67.7-9.9 93.9-36.2 26.2-26.2 34.4-58 36.2-93.9 2.1-37 2.1-147.8 0-184.8zM398.8 388c-7.8 19.6-22.9 34.7-42.6 42.6-29.5 11.7-99.5 9-132.1 9s-102.7 2.6-132.1-9c-19.6-7.8-34.7-22.9-42.6-42.6-11.7-29.5-9-99.5-9-132.1s-2.6-102.7 9-132.1c7.8-19.6 22.9-34.7 42.6-42.6 29.5-11.7 99.5-9 132.1-9s102.7-2.6 132.1 9c19.6 7.8 34.7 22.9 42.6 42.6 11.7 29.5 9 99.5 9 132.1s2.7 102.7-9 132.1z\"><\/path><\/svg>\t\t\t\t\t<\/a>\n\t\t\t\t<\/span>\n\t\t\t\t\t\t\t<span class=\"elementor-grid-item\" role=\"listitem\">\n\t\t\t\t\t<a class=\"elementor-icon elementor-social-icon elementor-social-icon-envelope elementor-animation-float elementor-repeater-item-1dbf488\" target=\"_blank\">\n\t\t\t\t\t\t<span class=\"elementor-screen-only\">Envelope<\/span>\n\t\t\t\t\t\t<svg aria-hidden=\"true\" class=\"e-font-icon-svg e-fas-envelope\" viewBox=\"0 0 512 512\" xmlns=\"http:\/\/www.w3.org\/2000\/svg\"><path d=\"M502.3 190.8c3.9-3.1 9.7-.2 9.7 4.7V400c0 26.5-21.5 48-48 48H48c-26.5 0-48-21.5-48-48V195.6c0-5 5.7-7.8 9.7-4.7 22.4 17.4 52.1 39.5 154.1 113.6 21.1 15.4 56.7 47.8 92.2 47.6 35.7.3 72-32.8 92.3-47.6 102-74.1 131.6-96.3 154-113.7zM256 320c23.2.4 56.6-29.2 73.4-41.4 132.7-96.3 142.8-104.7 173.4-128.7 5.8-4.5 9.2-11.5 9.2-18.9v-19c0-26.5-21.5-48-48-48H48C21.5 64 0 85.5 0 112v19c0 7.4 3.4 14.3 9.2 18.9 30.6 23.9 40.7 32.4 173.4 128.7 16.8 12.2 50.2 41.8 73.4 41.4z\"><\/path><\/svg>\t\t\t\t\t<\/a>\n\t\t\t\t<\/span>\n\t\t\t\t\t\t\t<span class=\"elementor-grid-item\" role=\"listitem\">\n\t\t\t\t\t<a class=\"elementor-icon elementor-social-icon elementor-social-icon-phone-alt elementor-animation-float elementor-repeater-item-7cddce6\" target=\"_blank\">\n\t\t\t\t\t\t<span class=\"elementor-screen-only\">Phone-alt<\/span>\n\t\t\t\t\t\t<svg aria-hidden=\"true\" class=\"e-font-icon-svg e-fas-phone-alt\" viewBox=\"0 0 512 512\" xmlns=\"http:\/\/www.w3.org\/2000\/svg\"><path d=\"M497.39 361.8l-112-48a24 24 0 0 0-28 6.9l-49.6 60.6A370.66 370.66 0 0 1 130.6 204.11l60.6-49.6a23.94 23.94 0 0 0 6.9-28l-48-112A24.16 24.16 0 0 0 122.6.61l-104 24A24 24 0 0 0 0 48c0 256.5 207.9 464 464 464a24 24 0 0 0 23.4-18.6l24-104a24.29 24.29 0 0 0-14.01-27.6z\"><\/path><\/svg>\t\t\t\t\t<\/a>\n\t\t\t\t<\/span>\n\t\t\t\t\t<\/div>\n\t\t\t\t\t\t<\/div>\n\t\t\t\t\t<\/div>\n\t\t<\/div>\n\t\t\t\t\t<\/div>\n\t\t<\/section>\n\t\t\t\t\t<\/div>\n\t\t<\/div>\n\t\t\t\t\t<\/div>\n\t\t<\/section>\n\t\t\t\t<section class=\"elementor-section elementor-top-section elementor-element elementor-element-d40e152 elementor-section-full_width elementor-section-height-default elementor-section-height-default\" data-id=\"d40e152\" data-element_type=\"section\" data-e-type=\"section\">\n\t\t\t\t\t\t<div class=\"elementor-container elementor-column-gap-no\">\n\t\t\t\t\t<div class=\"elementor-column elementor-col-100 elementor-top-column elementor-element elementor-element-fc37168\" data-id=\"fc37168\" data-element_type=\"column\" data-e-type=\"column\">\n\t\t\t<div class=\"elementor-widget-wrap elementor-element-populated\">\n\t\t\t\t\t\t<div class=\"elementor-element elementor-element-2f42c61 elementor-widget elementor-widget-google_maps\" data-id=\"2f42c61\" data-element_type=\"widget\" data-e-type=\"widget\" data-widget_type=\"google_maps.default\">\n\t\t\t\t\t\t\t<div class=\"elementor-custom-embed\">\n\t\t\t<iframe loading=\"lazy\"\n\t\t\t\t\tsrc=\"https:\/\/maps.google.com\/maps?q=Calle%20Extremadura%20Vitoria&#038;t=m&#038;z=15&#038;output=embed&#038;iwloc=near\"\n\t\t\t\t\ttitle=\"Calle Extremadura Vitoria\"\n\t\t\t\t\taria-label=\"Calle Extremadura Vitoria\"\n\t\t\t><\/iframe>\n\t\t<\/div>\n\t\t\t\t\t\t<\/div>\n\t\t\t\t\t<\/div>\n\t\t<\/div>\n\t\t\t\t\t<\/div>\n\t\t<\/section>\n\t\t\t\t<\/div>\n\t\t","protected":false},"excerpt":{"rendered":"<p>Sobre Nosotros SG Comunidades Vitoria Somos un equipo de profesionales en Vitoria-Gasteiz especializado en la administraci\u00f3n de fincas, comprometido con [&hellip;]<\/p>\n","protected":false},"author":1,"featured_media":0,"parent":0,"menu_order":0,"comment_status":"closed","ping_status":"closed","template":"elementor_header_footer","meta":{"site-sidebar-layout":"no-sidebar","site-content-layout":"","ast-site-content-layout":"full-width-container","site-content-style":"default","site-sidebar-style":"default","ast-global-header-display":"","ast-banner-title-visibility":"","ast-main-header-display":"","ast-hfb-above-header-display":"","ast-hfb-below-header-display":"","ast-hfb-mobile-header-display":"","site-post-title":"","ast-breadcrumbs-content":"","ast-featured-img":"disabled","footer-sml-layout":"","ast-disable-related-posts":"","theme-transparent-header-meta":"","adv-header-id-meta":"","stick-header-meta":"","header-above-stick-meta":"","header-main-stick-meta":"","header-below-stick-meta":"","astra-migrate-meta-layouts":"default","ast-page-background-enabled":"default","ast-page-background-meta":{"desktop":{"background-color":"var(--ast-global-color-5)","background-image":"","background-repeat":"repeat","background-position":"center center","background-size":"auto","background-attachment":"scroll","background-type":"","background-media":"","overlay-type":"","overlay-color":"","overlay-opacity":"","overlay-gradient":""},"tablet":{"background-color":"","background-image":"","background-repeat":"repeat","background-position":"center center","background-size":"auto","background-attachment":"scroll","background-type":"","background-media":"","overlay-type":"","overlay-color":"","overlay-opacity":"","overlay-gradient":""},"mobile":{"background-color":"","background-image":"","background-repeat":"repeat","background-position":"center center","background-size":"auto","background-attachment":"scroll","background-type":"","background-media":"","overlay-type":"","overlay-color":"","overlay-opacity":"","overlay-gradient":""}},"ast-content-background-meta":{"desktop":{"background-color":"var(--ast-global-color-4)","background-image":"","background-repeat":"repeat","background-position":"center center","background-size":"auto","background-attachment":"scroll","background-type":"","background-media":"","overlay-type":"","overlay-color":"","overlay-opacity":"","overlay-gradient":""},"tablet":{"background-color":"var(--ast-global-color-4)","background-image":"","background-repeat":"repeat","background-position":"center center","background-size":"auto","background-attachment":"scroll","background-type":"","background-media":"","overlay-type":"","overlay-color":"","overlay-opacity":"","overlay-gradient":""},"mobile":{"background-color":"var(--ast-global-color-4)","background-image":"","background-repeat":"repeat","background-position":"center center","background-size":"auto","background-attachment":"scroll","background-type":"","background-media":"","overlay-type":"","overlay-color":"","overlay-opacity":"","overlay-gradient":""}},"footnotes":""},"class_list":["post-209","page","type-page","status-publish","hentry"],"yoast_head":"<!-- This site is optimized with the Yoast SEO plugin v27.1.1 - https:\/\/yoast.com\/product\/yoast-seo-wordpress\/ -->\n<title>Qui\u00e9nes Somos - SG Comunidades Vitoria<\/title>\n<meta name=\"robots\" content=\"index, follow, max-snippet:-1, max-image-preview:large, max-video-preview:-1\" \/>\n<link rel=\"canonical\" href=\"https:\/\/sgcomunidadesvitoria.com\/?page_id=209\" \/>\n<meta property=\"og:locale\" content=\"es_ES\" \/>\n<meta property=\"og:type\" content=\"article\" \/>\n<meta property=\"og:title\" content=\"Qui\u00e9nes Somos - SG Comunidades Vitoria\" \/>\n<meta property=\"og:description\" content=\"Sobre Nosotros SG Comunidades Vitoria Somos un equipo de profesionales en Vitoria-Gasteiz especializado en la administraci\u00f3n de fincas, comprometido con [&hellip;]\" \/>\n<meta property=\"og:url\" content=\"https:\/\/sgcomunidadesvitoria.com\/?page_id=209\" \/>\n<meta property=\"og:site_name\" content=\"SG Comunidades Vitoria\" \/>\n<meta property=\"article:modified_time\" content=\"2026-03-26T20:49:41+00:00\" \/>\n<meta property=\"og:image\" content=\"https:\/\/sgcomunidadesvitoria.com\/wp-content\/uploads\/2026\/03\/the-picturesque-landscapes-of-forests-and-mountain1.jpg\" \/>\n\t<meta property=\"og:image:width\" content=\"1920\" \/>\n\t<meta property=\"og:image:height\" content=\"1280\" \/>\n\t<meta property=\"og:image:type\" content=\"image\/jpeg\" \/>\n<meta name=\"twitter:card\" content=\"summary_large_image\" \/>\n<meta name=\"twitter:label1\" content=\"Tiempo de lectura\" \/>\n\t<meta name=\"twitter:data1\" content=\"1 minuto\" \/>\n<script type=\"application\/ld+json\" class=\"yoast-schema-graph\">{\"@context\":\"https:\/\/schema.org\",\"@graph\":[{\"@type\":\"WebPage\",\"@id\":\"https:\/\/sgcomunidadesvitoria.com\/?page_id=209\",\"url\":\"https:\/\/sgcomunidadesvitoria.com\/?page_id=209\",\"name\":\"Qui\u00e9nes Somos - SG Comunidades Vitoria\",\"isPartOf\":{\"@id\":\"https:\/\/sgcomunidadesvitoria.com\/#website\"},\"primaryImageOfPage\":{\"@id\":\"https:\/\/sgcomunidadesvitoria.com\/?page_id=209#primaryimage\"},\"image\":{\"@id\":\"https:\/\/sgcomunidadesvitoria.com\/?page_id=209#primaryimage\"},\"thumbnailUrl\":\"https:\/\/sgcomunidadesvitoria.com\/wp-content\/uploads\/2026\/03\/the-picturesque-landscapes-of-forests-and-mountain1.jpg\",\"datePublished\":\"2026-03-05T09:53:19+00:00\",\"dateModified\":\"2026-03-26T20:49:41+00:00\",\"breadcrumb\":{\"@id\":\"https:\/\/sgcomunidadesvitoria.com\/?page_id=209#breadcrumb\"},\"inLanguage\":\"es\",\"potentialAction\":[{\"@type\":\"ReadAction\",\"target\":[\"https:\/\/sgcomunidadesvitoria.com\/?page_id=209\"]}]},{\"@type\":\"ImageObject\",\"inLanguage\":\"es\",\"@id\":\"https:\/\/sgcomunidadesvitoria.com\/?page_id=209#primaryimage\",\"url\":\"https:\/\/sgcomunidadesvitoria.com\/wp-content\/uploads\/2026\/03\/the-picturesque-landscapes-of-forests-and-mountain1.jpg\",\"contentUrl\":\"https:\/\/sgcomunidadesvitoria.com\/wp-content\/uploads\/2026\/03\/the-picturesque-landscapes-of-forests-and-mountain1.jpg\"},{\"@type\":\"BreadcrumbList\",\"@id\":\"https:\/\/sgcomunidadesvitoria.com\/?page_id=209#breadcrumb\",\"itemListElement\":[{\"@type\":\"ListItem\",\"position\":1,\"name\":\"Portada\",\"item\":\"https:\/\/sgcomunidadesvitoria.com\/\"},{\"@type\":\"ListItem\",\"position\":2,\"name\":\"Qui\u00e9nes Somos\"}]},{\"@type\":\"WebSite\",\"@id\":\"https:\/\/sgcomunidadesvitoria.com\/#website\",\"url\":\"https:\/\/sgcomunidadesvitoria.com\/\",\"name\":\"SG Comunidades Vitoria\",\"description\":\"\",\"potentialAction\":[{\"@type\":\"SearchAction\",\"target\":{\"@type\":\"EntryPoint\",\"urlTemplate\":\"https:\/\/sgcomunidadesvitoria.com\/?s={search_term_string}\"},\"query-input\":{\"@type\":\"PropertyValueSpecification\",\"valueRequired\":true,\"valueName\":\"search_term_string\"}}],\"inLanguage\":\"es\"}]}<\/script>\n<!-- \/ Yoast SEO plugin. -->","yoast_head_json":{"title":"Qui\u00e9nes Somos - SG Comunidades Vitoria","robots":{"index":"index","follow":"follow","max-snippet":"max-snippet:-1","max-image-preview":"max-image-preview:large","max-video-preview":"max-video-preview:-1"},"canonical":"https:\/\/sgcomunidadesvitoria.com\/?page_id=209","og_locale":"es_ES","og_type":"article","og_title":"Qui\u00e9nes Somos - SG Comunidades Vitoria","og_description":"Sobre Nosotros SG Comunidades Vitoria Somos un equipo de profesionales en Vitoria-Gasteiz especializado en la administraci\u00f3n de fincas, comprometido con [&hellip;]","og_url":"https:\/\/sgcomunidadesvitoria.com\/?page_id=209","og_site_name":"SG Comunidades Vitoria","article_modified_time":"2026-03-26T20:49:41+00:00","og_image":[{"width":1920,"height":1280,"url":"https:\/\/sgcomunidadesvitoria.com\/wp-content\/uploads\/2026\/03\/the-picturesque-landscapes-of-forests-and-mountain1.jpg","type":"image\/jpeg"}],"twitter_card":"summary_large_image","twitter_misc":{"Tiempo de lectura":"1 minuto"},"schema":{"@context":"https:\/\/schema.org","@graph":[{"@type":"WebPage","@id":"https:\/\/sgcomunidadesvitoria.com\/?page_id=209","url":"https:\/\/sgcomunidadesvitoria.com\/?page_id=209","name":"Qui\u00e9nes Somos - SG Comunidades Vitoria","isPartOf":{"@id":"https:\/\/sgcomunidadesvitoria.com\/#website"},"primaryImageOfPage":{"@id":"https:\/\/sgcomunidadesvitoria.com\/?page_id=209#primaryimage"},"image":{"@id":"https:\/\/sgcomunidadesvitoria.com\/?page_id=209#primaryimage"},"thumbnailUrl":"https:\/\/sgcomunidadesvitoria.com\/wp-content\/uploads\/2026\/03\/the-picturesque-landscapes-of-forests-and-mountain1.jpg","datePublished":"2026-03-05T09:53:19+00:00","dateModified":"2026-03-26T20:49:41+00:00","breadcrumb":{"@id":"https:\/\/sgcomunidadesvitoria.com\/?page_id=209#breadcrumb"},"inLanguage":"es","potentialAction":[{"@type":"ReadAction","target":["https:\/\/sgcomunidadesvitoria.com\/?page_id=209"]}]},{"@type":"ImageObject","inLanguage":"es","@id":"https:\/\/sgcomunidadesvitoria.com\/?page_id=209#primaryimage","url":"https:\/\/sgcomunidadesvitoria.com\/wp-content\/uploads\/2026\/03\/the-picturesque-landscapes-of-forests-and-mountain1.jpg","contentUrl":"https:\/\/sgcomunidadesvitoria.com\/wp-content\/uploads\/2026\/03\/the-picturesque-landscapes-of-forests-and-mountain1.jpg"},{"@type":"BreadcrumbList","@id":"https:\/\/sgcomunidadesvitoria.com\/?page_id=209#breadcrumb","itemListElement":[{"@type":"ListItem","position":1,"name":"Portada","item":"https:\/\/sgcomunidadesvitoria.com\/"},{"@type":"ListItem","position":2,"name":"Qui\u00e9nes Somos"}]},{"@type":"WebSite","@id":"https:\/\/sgcomunidadesvitoria.com\/#website","url":"https:\/\/sgcomunidadesvitoria.com\/","name":"SG Comunidades Vitoria","description":"","potentialAction":[{"@type":"SearchAction","target":{"@type":"EntryPoint","urlTemplate":"https:\/\/sgcomunidadesvitoria.com\/?s={search_term_string}"},"query-input":{"@type":"PropertyValueSpecification","valueRequired":true,"valueName":"search_term_string"}}],"inLanguage":"es"}]}},"_links":{"self":[{"href":"https:\/\/sgcomunidadesvitoria.com\/index.php?rest_route=\/wp\/v2\/pages\/209","targetHints":{"allow":["GET"]}}],"collection":[{"href":"https:\/\/sgcomunidadesvitoria.com\/index.php?rest_route=\/wp\/v2\/pages"}],"about":[{"href":"https:\/\/sgcomunidadesvitoria.com\/index.php?rest_route=\/wp\/v2\/types\/page"}],"author":[{"embeddable":true,"href":"https:\/\/sgcomunidadesvitoria.com\/index.php?rest_route=\/wp\/v2\/users\/1"}],"replies":[{"embeddable":true,"href":"https:\/\/sgcomunidadesvitoria.com\/index.php?rest_route=%2Fwp%2Fv2%2Fcomments&post=209"}],"version-history":[{"count":19,"href":"https:\/\/sgcomunidadesvitoria.com\/index.php?rest_route=\/wp\/v2\/pages\/209\/revisions"}],"predecessor-version":[{"id":339,"href":"https:\/\/sgcomunidadesvitoria.com\/index.php?rest_route=\/wp\/v2\/pages\/209\/revisions\/339"}],"wp:attachment":[{"href":"https:\/\/sgcomunidadesvitoria.com\/index.php?rest_route=%2Fwp%2Fv2%2Fmedia&parent=209"}],"curies":[{"name":"wp","href":"https:\/\/api.w.org\/{rel}","templated":true}]}}